Let s = -122 + 76. Let d = s - -50. What is w(d)?
-6
Let y = 8 + -5. Let z(u) = 20*u + 4 - 86*u + 36*u + 32*u. Determine z(y).
10
Let l = -15 - -18. Suppose -5 = -l*d + 4. Let o(a) = -d*a - 4 + 2*a - 2. Determine o(-5).
-1
Let f(v) be the second derivative of -v**4/12 - v**3/3 + 5*v**2/2 - 385*v. What is f(-5)?
-10
Let k be 6/4 + 2/4. Let b(r) = -r**2 - 4*r - 8. Let h(p) = -p - 1. Let g(s) = b(s) - 6*h(s). Give g(k).
-2
Let m(i) = 1. Let g(l) = -l + 2. Let s(x) = g(x) - 5*m(x). Let q(c) = 6*c + 16. Let d(j) = 2*q(j) + 11*s(j). Calculate d(1).
0
Let f(n) = -n**3 + 5*n**2 - 3*n - 10. Let x be f(4). Let s(o) = -o**3 - 4*o**2 + 13*o + 9. Determine s(x).
3
Let l(p) be the third derivative of p**4/8 + 2*p**3/3 - 2*p**2. Let d = 32 + -27. Suppose -4*j + d*j + 6 = 0. Give l(j).
-14
Suppose -f - 2*f - c - 13 = 0, -3*c = -4*f. Let y(i) = -4*i**2 + i - 4. Determine y(f).
-43
Suppose 7*b - 35 = -0*b. Let u(f) = -3*f + 5. Let y(k) = -3*k + 4. Let s(t) = -5*u(t) + 6*y(t). Determine s(b).
-16
Let b(h) be the third derivative of -h**6/120 + 3*h**5/20 - h**4/3 - 5*h**3/6 - 9*h**2 - 5. What is b(8)?
-5
Suppose 246 = 9*x + 273. Let b(y) = y**3 + y**2 - 4*y - 2. What is b(x)?
-8
Let x(n) be the third derivative of -n**7/2520 + n**6/180 - n**5/20 + 5*n**4/8 - 9*n**2. Let r(j) be the second derivative of x(j). Calculate r(4).
-6
Suppose -4*t + 10 = -x + 35, t = -5. Let u(k) = -k**2 + 2*k + 13. What is u(x)?
-2
Suppose 4*b + 10 = 4*c - 6, 5*c = -3*b - 12. Let a(g) = -8*g**2 + 11*g**2 - 3 + 2*g + c*g + 1. Determine a(-2).
6
Let d = -1187 + 1183. Let m(s) = 2*s**2 + 7*s + 9. Give m(d).
13
Let q(k) = -k - 1. Let a be 2/6 - (-93)/9*-1. Let c = -8 - a. Determine q(c).
-3
Let k = -77 - -80. Let p(l) = 3*l**2 - l + 4. Calculate p(k).
28
Let w(b) = -b**3 + 2*b**2 + 3*b - 1. Let r(z) = -22*z + 114. Let g be r(5). Give w(g).
-21
Suppose -2*n = -1 - 9. Let y be 63/(-147)*(-8 - -1). Let d(o) = 5*o**2 + 0*o**y + 3 - 3*o**3 + 2*o**3 + o. Give d(n).
8
Let m(q) = -q**3 + 3*q**2 + q - 2. Suppose 0 = 3*t - 4*r, 5*r - 19 = -t - 0*t. Suppose 3*n = -t*l - 3, 2*l = -n - 2 - 1. Give m(n).
1
Let z(u) = u**3 - 9*u**2 - 11*u + 9. Let h be z(10). Let c(f) = -5*f**3 + f**2 + f + 1. Determine c(h).
6
Let g = -36 - -27. Let w(y) = -y - 5. Determine w(g).
4
Let f(t) = t**2 + t + 1. Let x(b) = 14*b**2 + 2*b + 3. Let u(o) = -2*f(o) + x(o). Give u(-1).
13
Let v = 2 + 18. Let w be (v + -24)*(-2)/(-8). Let d(y) = -3*y**3 + 1. What is d(w)?
4
Let m = -63 - -87. Let w(g) = -51 + 25 + 0*g - g + m. Give w(-3).
1
Suppose 5*z + 4*b - 51 = 0, b - 2*b - 23 = -2*z. Let l = -15 + z. Let m(i) = i**2 + 2*i - 2. Give m(l).
6
Let u(b) = 3*b + 18 + 29 + 22 - 87 + 26. Determine u(-8).
-16
Let j(x) = 6*x + 3. Let m = 484 - 493. Determine j(m).
-51
Let j(x) = 24 + x**2 + 3 + 13*x - 10 - 7*x - 2*x**2. Determine j(7).
10
Let x(c) be the third derivative of 7/6*c**3 + 3*c**2 + 0 - 5/24*c**4 - 1/60*c**5 + 0*c. Suppose -g - 10 = s + 3*g, 0 = -2*g - 2. Determine x(s).
1
Suppose -3*c + 1 - 6 = 4*o, -2*c - 4*o - 6 = 0. Let n = -14 - -11. Let x = c + n. Let m(h) = -h - 4. What is m(x)?
-2
Let i(n) = -n + 13. Let d be i(3). Let t(w) = -4*w**2 - 8 + d*w**2 + 1 - 3*w - 5*w**2. Give t(5).
3
Let p(a) be the second derivative of 0 + 0*a**2 + 1/12*a**4 + 2*a + 0*a**3. Let i(m) = -m**2 - 4*m - 3. Let f be i(-4). Determine p(f).
9
Let y(b) = -2 + 4*b**2 - 5 + 4*b - 3*b**2 + 2. Suppose 5*x - 38 = -3*j + 52, -3*j = -4*x - 117. Suppose j = s - 6*s + 5*o, -3*s + 4*o - 24 = 0. Calculate y(s).
-5
Let y be ((-2)/3)/(4/(-522)). Suppose 3*p = -0*p + y. Let r = p - 31. Let j(i) = -i - 4. Give j(r).
-2
Let q(r) = -r**2 - 3*r + 1. Let w = -57 + 56. Let d be (3 + (-3 - -2) - w)*-1. Determine q(d).
1
Suppose 0 = 6*a - 5*a. Suppose 3*l - 3 = -2*r, 3*r + 2 + 3 = 5*l. Suppose r = -a*w - 2*w - 6. Let u(f) = -f**3 - 5*f**2 - 2*f + 2. What is u(w)?
-10
Let z(i) = -19*i - 18. Let l(j) = -4*j + 2. Let r(b) = 5*l(b) - z(b). Give r(0).
28
Let z(c) = -22*c**2 + 4*c - 9. Let d(k) = 26*k**2 - 3*k + 11. Let t(x) = 6*d(x) + 7*z(x). Calculate t(-5).
3
Let v(t) = -4*t**2 - 1 - 5*t + 4*t - 5*t**2. Suppose -43 - 3 = 46*h. Give v(h).
-9
Let g(v) = 2*v + 4. Let x(u) = u + 4. Let r(h) = 2*g(h) - 3*x(h). Suppose 25*o - 20*o = 0. Suppose 4*f = 8 - o. Calculate r(f).
-2
Let r(x) be the third derivative of 1/6*x**3 + 1/12*x**4 - 14*x**2 + 2/15*x**5 + 0 + 0*x. What is r(-1)?
7
Let f(o) be the first derivative of 0*o + 1/60*o**5 - 8 + 0*o**4 + 9/2*o**2 - 13/6*o**3. Let s(q) be the second derivative of f(q). Calculate s(0).
-13
Suppose -5*g = -v - 10, 1 - 6 = -5*g + 2*v. Suppose 0 = g*b + 7 + 2, -5*u - 3*b = -1. Let q(a) = a**u - 1 + 6*a**3 + 5*a**3 - 3*a**3. Give q(-1).
-8
Suppose 0 = 12*z + 40 - 64. Let r(u) = -1 + 4*u - u - 6*u. Let j be r(z). Let i(h) = -h**3 - 7*h**2 + h + 5. What is i(j)?
-2
Let j(h) be the third derivative of -10*h**2 - 1/60*h**5 - 5/6*h**3 - 1/120*h**6 + 1/24*h**4 + 0*h + 0. What is j(0)?
-5
Let m(z) be the first derivative of -z**5/20 + 2*z**4/3 - 4*z**3/3 + 3*z**2 - 11*z + 12. Let x(l) be the first derivative of m(l). Determine x(7).
-1
Let h(u) be the second derivative of u**4/12 - 5*u**3/6 - 9*u**2/2 + u + 4. Give h(7).
5
Let d(o) = -5*o**3 + 2*o + 1. Suppose 0 = -0*u - 2*u + 72. Let m = -34 + u. Suppose -m*f - 4 = -2. What is d(f)?
4
Let x(j) = 32*j**3 + 9*j**2 - 7*j**3 - 2*j - 12*j**3 - 7*j**3 - 12 - 5*j**3. Determine x(-9).
6
Suppose 11*z + 6 = 39. Let x(d) = d - 1. Let o(a) = a**3 - 4*a**2 + 9*a - 7. Let b(n) = -o(n) + 4*x(n). Determine b(z).
-3
Let u(y) be the second derivative of y**5/20 - y**4/12 - 5*y**3/6 + 2*y**2 - 6*y + 83. Calculate u(2).
-2
Let n = -155 - -156. Let c(y) = -15*y + 1. What is c(n)?
-14
Let c be ((-2)/5)/(8/(-80)). Suppose 0 = 2*u - 5*z - 1, 4*u + c*z - 23 = -7. Let w(v) = -4*v - 4. Give w(u).
-16
Let c(r) = -r**3 - 6*r**2 - 3*r + 2. Let b = -610 + 605. Determine c(b).
-8
Let h = 144 + -143. Let l(z) = 4*z**3 - 5*z**3 + 2177*z - z**2 + h - 2175*z. Determine l(2).
-7
Let h(t) = -153*t + t**3 + 2*t**2 + 4*t**2 + 157*t + 1. What is h(-4)?
17
Let w(o) = -16*o - 9*o + 30*o - 8*o. Determine w(1).
-3
Let n(g) = g**3 - g + 2. Let l be 2 - (-4 - -4) - -2. Let j = 4 - l. Give n(j).
2
Let d(f) be the first derivative of 2*f**2 + 33*f + 929. Give d(0).
33
Let l(o) = -o**3 + 6*o**2 - 5*o + 4. Suppose p + 0*p = 3. Suppose 0 = -2*v + p*v - 5. Calculate l(v).
4
Let m be (1*(-54)/(-15))/((-4)/(-10)). Suppose -m = l - 15. Let d(j) = -3*j + 3. What is d(l)?
-15
Let g(q) = -q**3 + 2*q**2 - 3*q + 1. Suppose 16*l - 60 = 21*l. Let y(a) = a**3 + 11*a**2 - 12*a + 2. Let b be y(l). Calculate g(b).
-5
Let a(s) = -7*s**2 + 2*s**2 + 38 - 2*s + 7*s**2 + 3*s - 43. Determine a(0).
-5
Let t(z) = 3*z**3 + 2*z**2 - 1. Let y(d) = 1. Let c(r) = r + 1. Let n(s) = -c(s) + y(s). Let u be n(1). Calculate t(u).
-2
Let q(v) = -25*v**3 - v**2. Let m be (-1)/((-1 + 5 + -5)/1). Give q(m).
-26
Suppose -5*j - 10*y = -9*y + 18, y = 4*j + 9. Let s(x) = -x + 4. Determine s(j).
7
Let i(n) = n**2 - 3*n - 10. Let q be (-6)/8 + 2717/572. Calculate i(q).
-6
Suppose -o - 15 + 4 = -w, w - 23 = 2*o. Let t be 3/18 + 74/o. Let x(d) = -1 + 2*d**2 - 7*d - 9*d**2 - d**3 + 5. Determine x(t).
10
Let n be (-4)/22 + (-112)/(-11). Suppose -4*q + 18 = -n. Suppose -3*j + 3 = 0, -q = -4*p - j + 10. Let o(h) = -2*h + 1. Determine o(p).
-7
Let t(l) = -l**2 + 2*l - 1. Suppose -18 = -6*a + 6. Determine t(a).
-9
Let c(x) = -3. Let p(s) = s + 21. Let w(b) = -6*c(b) - p(b). What is w(4)?
-7
Let h(a) = a**2 + 8*a + 4. Let t be h(-4). Let w(n) = -n**2 - 10*n + 13. Calculate w(t).
-11
Let p be (-20)/30 - 20/(-3). Let h(r) = 4 - p*r - 1 - 1 - 3 + 6*r**2 - r**3. What is h(5)?
-6
Suppose 4*s - 8 = 2*s, 3*s = u - 8. Let p(z) = -u*z + 1 - z**3 - 3*z**2 - z**2 + 23*z. Give p(-5).
11
Let h(t) = 1 - 16*t**2 + 833*t - 1 + 3 + t**3 - 849*t + 1. Calculate h(17).
21
Let j(d) = -58 - 6*d**2 - 4*d - 5*d**2 + 74 + 3*d**2 - d**3. Calculate j(-7).
-5
Let v(z) = -142*z - 8. Let s be v(0). Let y(b) = -b - 1. Determine y(s).
7
Suppose 0*t - 48 = -6*t. Suppose 5*v = -5*g + t*v - 59, -2*v + 16 = -g. Let k(p) = p**2 + 10*p - 10. Determine k(g).
-10
Let i(z) be the third derivative of -z**5/60 + 11*z**4/24 - 3*z**3/2 - 68*z**2. What is i(10)?
1
Let r = -9 + 12. Suppose -5*g = r*b - 5, 1 = 4*b - 3*g + 4. Let p(u) = u**2 - u